 be (-1 - -2)*(3 - s). Let b be 2/12 - 190/g. What is r(b)?
-7
Suppose 8 = -2*x, -2*f - x + 10 = 2. Suppose -q - f = -8. Let j(y) = y**3 - 3*y**2 - 2*y + 3. Calculate j(q).
-5
Let u = 26 + -26. Suppose 2*d - 3*w - 35 = u, -d + 5*w = -46 + 11. Suppose -3*t - 14 = 2*t + y, -d = 4*t + 2*y. Let p(l) = l**2 + 2*l. Calculate p(t).
3
Let p(k) = 20*k - 15*k**2 - 7*k - 16*k - 1 + 2*k**2. Determine p(-1).
-11
Let k(t) = 2*t**2 + 4*t + 2. Let a(c) = c**3 + 10*c**2 + 10*c + 17. Let q be a(-9). Suppose -24*m + 28*m + q = 0. What is k(m)?
2
Suppose -3*t - 4*z = 2*t + 4, -4*t + z = 20. Suppose 2*c - 2*i - 10 = 0, -c - 3*c = 4*i + 20. Let r = c - t. Let h(x) = -x + 6. Give h(r).
2
Suppose -4*z = -3*z - 4*s + 5, 2*s = -3*z - 1. Let n(f) = -6*f**2 + f + 2. Give n(z).
-5
Let w(n) = -2*n**2 - 2*n - 1. Suppose 4 = 4*f - 4. Suppose -f*a = 3*a - 25. Let i be -5 + (a - (0 + 2)). Give w(i).
-5
Let x(v) = 6*v + 57. Let o(g) = -g - 11. Let w(r) = 11*o(r) + 2*x(r). Suppose 0*q - 44 = -4*q. Suppose 2*j = -2*p + 11 + q, j + 1 = p. Give w(p).
-1
Let z(h) = -22*h + 23. Let r(s) = 4*s - 4. Let f(b) = -34*r(b) - 6*z(b). Suppose -7*c + 8*c = 2. What is f(c)?
-10
Suppose 10 = 5*p + 2*t, 4*p - 8 = -0*p + 5*t. Let l = 1 - -1. Suppose 5*c - 6 = -o - l*o, p*c - o = -2. Let f(m) = m**3 - m**2 - m - 8. Calculate f(c).
-8
Let k = -32 - -34. Suppose 3 = 4*a - 3*a. Let g(m) = 45 - 3*m**k - 3*m + m**a - 46 + 0*m**2. Give g(4).
3
Suppose 0 = -101*h + 10*h - 91. Let y(l) be the first derivative of -7*l**3/3 - 2*l**2 - 3*l - 1. Let d be y(h). Let s(j) = j + 14. Calculate s(d).
8
Let l(g) be the second derivative of g**4/12 + 5*g**3/6 - 2*g**2 - 5*g + 19. Calculate l(-6).
2
Let t = 41 - 45. Let w(n) be the first derivative of -1/3*n**3 + 2 + 3*n + 0*n**2. What is w(t)?
-13
Let g(m) = -14*m**3 - 1. Let o = 27 + -24. Suppose o = -4*r + 7. Calculate g(r).
-15
Let x(t) = t**3 - 8*t**2 + 6*t + 13. Let g be (-8 + (-294)/(-30))/(15/50). What is x(g)?
-23
Let q(l) = l**3 + 5*l**2 - 7*l - 2. Let s be q(-6). Suppose 0 = 4*y - s*z, 2*y + 5*z + 18 = y. Let a(r) = -3*r**2 - 6*r + 4*r**2 + r**3 + r - 4. Determine a(y).
-7
Let u(b) = 5*b**2 + 22*b**2 + 5*b - 1 - 26*b**2 + 10*b. Calculate u(-8).
-57
Let s(c) = c**2 + 5*c + 5. Let l(t) = -t**3 + 11*t**2 + 22*t - 8. Let y be l(12). Suppose y*n + 16 = 108*n. Determine s(n).
1
Let u(w) = -6*w**2 - 5*w - 2. Let a(j) = j**2. Let v(x) = 2*a(x) + u(x). Let t = -53 - -50. What is v(t)?
-23
Let f(m) = m + 5. Let q be f(-3). Let s(z) = 2*z**3 - 3*z**3 - 15*z + 2 - 5*z**q + 21*z. Suppose -3*r + 18 = -2*i, 3*i = -2*i + 2*r - 34. Determine s(i).
2
Let o = 76 + -76. Suppose q = 4*v - 36, 0 = 2*v + q + 2*q - 4. Let s(i) = -v - 9 + 3 - i. Calculate s(o).
-14
Let a = 0 - 0. Let l(n) be the first derivative of n**2/2 + 2*n - 2844. Give l(a).
2
Let z be (1/(-3))/(1/(-6)). Let t(p) be the first derivative of 42*p + 2*p**2 + 3*p**3 - 4 - 43*p - p**z. Determine t(1).
10
Let u(p) be the second derivative of -p**3/6 + p**2/2 + 2*p + 124. Calculate u(6).
-5
Suppose y = -2*u + 3*y + 8, -u = -3*y. Let g(d) = 32*d**2 - 42*d**2 + d**3 + 0*d + u + 8*d. Determine g(9).
-3
Let i(t) = 9*t + 6*t - 1 - t**2 - 12*t + 9 + 4. What is i(7)?
-16
Suppose -5*s + 13 + 2 = 0. Let h(z) = -1 - 1 + 0 + s*z**2 + 4 - z**3. Let m be (-5 + 3 - -3) + 2. Determine h(m).
2
Let z(p) = -p + 5. Let m = -726 + 723. What is z(m)?
8
Let m be (-11)/22*-4*2/(-4). Let i(h) = -5*h - 2. Give i(m).
3
Let i(a) be the third derivative of 0*a - 1/24*a**4 - 2/3*a**3 + 1/15*a**5 - 1/120*a**6 + 10*a**2 + 0. Calculate i(3).
2
Let q(j) = j**3 - 3*j**2 - 2*j + 5. Suppose 0*k - 4*k - 56 = 0. Let i be (8/k)/(21/(-147)). Give q(i).
13
Let n(z) = z + 42. Let r be n(-43). Let k(s) = 17*s + 1. What is k(r)?
-16
Let x(b) = 117 - 2*b - 43 - 41 - 40. Let c be (8 - 7)*-2*4. What is x(c)?
9
Let r(d) = -259*d**2 + 13 - 269*d**2 + 789*d**2 - 262*d**2 - 7*d. Calculate r(-7).
13
Suppose 6*z - 2*s - 16 = 4*z, z = 4*s + 23. Let f(k) = 8*k - 3. Calculate f(z).
21
Let y(x) = x. Let d(w) = -w**2 - 13*w + 3. Let n(j) = d(j) + 4*y(j). Let c = 2 + -11. Calculate n(c).
3
Let b be (1 + -1)/((-1 - -2)*1). Suppose b = -4*u - 5*u + 7*u. Let x(l) = l**3 + l**2 + l - 19. What is x(u)?
-19
Let s(l) = l**2 + l + 2. Let m(x) = 4*x**2 + 14*x + 2. Let t(o) = m(o) - 5*s(o). Let z be ((0 - 0) + -1)*-6. Determine t(z).
10
Suppose 5*q - 37 = 4*x, -13 - 5 = x - 3*q. Let m = 3 - -1. Let l(s) = m + 0 + 7*s - 2*s. Calculate l(x).
-11
Let n(k) be the first derivative of -k**2/2 + 8*k + 87. Calculate n(13).
-5
Let f be (20 + -17)*62/6. Let t = -23 + f. Let n(x) = x. Calculate n(t).
8
Let h(x) = 6*x + 0*x**2 + x**2 - 2006 + 2004. What is h(-4)?
-10
Let l(a) = -17*a - 10. Let q(u) = 10*u + 5. Let c(p) = 3*l(p) + 5*q(p). Calculate c(5).
-10
Suppose x = 2*t - 34, 2*x + 2*t = -x - 134. Let i = x - -33. Let b(n) = -n**2 - 9*n + 12. Give b(i).
12
Let p(l) be the second derivative of l**4/12 - 2*l**3/3 - l**2/2 - l - 1. Let r be -4*(-7)/2*(-9)/(-42). What is p(r)?
-4
Let x(h) = 7*h - 29. Let j(c) = -15*c + 63. Let q(u) = 6*j(u) + 13*x(u). Calculate q(-4).
-3
Suppose 4*q = q + 3. Let o(s) = -3*s - q + 4*s + 0*s. Let u(c) = -2*c - 10. Let b be u(-8). Give o(b).
5
Let w(i) = -i**2 - 10*i + 1. Let c(v) = 2*v**2 + 18*v - 4. Let g(a) = -5*c(a) - 9*w(a). Calculate g(-4).
-5
Let x(f) = f**3 + 4*f**2 + 4*f - 3. Let v(p) = 2*p**3 + 6*p**2 + 6*p - 5. Let g(u) = 5*v(u) - 8*x(u). Determine g(-1).
-3
Let h be (-6 - (-16 + 4))/(-2). Let q(b) be the first derivative of -b**4/4 - 4*b**3/3 + b**2 + 4*b + 2. Give q(h).
-11
Let z = 22 - 18. Suppose -12 = -2*k - z*k. Let n(h) = h**2 - h. Let v(d) = -3*d**2 + 7*d - 1. Let b(p) = 5*n(p) + v(p). Determine b(k).
11
Let h(o) = -1. Let j(w) = -2*w + 8 + 4 - 2. Let t be (-3 - -4)*1*-20 - 2. Let g(d) = t*h(d) - 2*j(d). Give g(-2).
-6
Let l(z) = -3*z. Let v(j) = 4*j + 1. Let u(o) = 3*l(o) + 2*v(o). Let b be u(6). Let s(x) = 71 - 35 + 2*x + x**2 - 38. Give s(b).
6
Let n(i) = i**2 - 2*i - 7. Suppose 4*v - 56 = -0. Suppose 5*q = -5, v = 4*j + 2*q - 8. What is n(j)?
17
Let p(s) be the first derivative of -s**3/3 - 4*s**2 + 8*s - 500. Determine p(-7).
15
Let x(d) = d**3 + d. Let v(m) = -5*m**3 - 6*m**2 - 3. Let q(p) = -v(p) - 4*x(p). Determine q(-6).
27
Suppose -88 = -115*k + 123*k. Let w(f) = -f**3 - 12*f**2 - 11*f - 9. Give w(k).
-9
Let o(d) = -2*d + 14. Suppose 3*p - 11 = 22. Calculate o(p).
-8
Let d(b) = -2*b - 8. Let v be 4 - (-2 - -9) - -63. Suppose 11*h = h + v. Give d(h).
-20
Let d be (-21 - -24) + (-15 - 0). Let f(h) = h**2 + 12*h + 3. Let y be f(d). Let r(t) = -y + 6*t - 3 + 3 + 2. Calculate r(2).
11
Let l(z) = 7*z**2 + 4*z - 9*z**2 - 4*z + 2. Let y(x) = 11*x**2 - x**3 + x**2 + 10 + x - x - x. Let r be y(12). Determine l(r).
-6
Let i(u) be the third derivative of -u**5/60 + u**4/8 + 2*u**3/3 - u**2. Suppose 0 = 5*o - 2*z - 39, 868 = 2*o + 5*z + 893. Give i(o).
-6
Let o(v) = 4*v**2 + 3*v + 2. Let j = -8 - -6. Calculate o(j).
12
Let b(x) = x**3 + 4*x**2 - 5*x - 3. Suppose -4*t + 3*t + 12 = 0. Let k be 2/t - 298/(-12). Suppose 2*w + k = -3*w. What is b(w)?
-3
Let d(u) = -2*u**3 + 6*u**2 + 15*u - 27. Let m(a) = -a**3 + 2*a**2 + 7*a - 14. Let o(b) = 3*d(b) - 5*m(b). Give o(9).
-2
Let c(i) = -3*i + 1. Suppose g - 12 = -0*g + 2*y, 3*g - 3*y = 21. Let n = g - -2. Suppose -2*q + 4 = -n*q, 0 = v - 4*q - 12. Give c(v).
-11
Suppose -4*r + 0*r = 3*n - 5, 0 = -3*r - 3*n. Let t(l) = -2*l**2 + 10*l - 5. Calculate t(r).
-5
Let n(g) = 7*g**2 - 2*g + 1. Suppose -u - 3*u - 20 = -4*s, 0 = s - 3*u - 3. Suppose -12 = 3*v - 5*m, -3*v = -0*v - 3*m + s. Give n(v).
6
Let j(s) be the first derivative of -s**2/2 - 13*s + 118. Give j(-5).
-8
Let c(w) be the second derivative of w**5/20 + w**4/3 + w**3/3 + w**2/2 + 6*w + 3. Let g be c(-4). Let s(d) = d**3 + 6*d**2 - 5*d + 8. Calculate s(g).
-6
Suppose -4*v - 3*b - 7 = 0, -5*v - 2*b + 7*b = 35. Let x(i) = -4*i + 4. Let t(d) = 3*d - 3. Let y(w) = v*x(w) - 5*t(w). Calculate y(-6).
-7
Let v(k) = -28*k**3 + 12*k**2 + 4*k + 16. Let o(d) = 13*d**3 - 6*d**2 - 2*d - 8. Let g(r) = -13*o(r) - 6*v(r). Determine g(6).
20
Suppose 2*k = -2*k + 8. Let d = -21 + 26. Suppose d*n = k*j + 3*j - 30, -3*n - 9 = 0. Let p(m) = m**3 - m**2 - 4. What is p(j)?
14
Let x(g) = -8*g**3 + 6*g + 6. Let z(k) = -8*k**3 + 5*k + 5. Let a = 3 - -1. Let m(b) = a*x(b) - 5*z